5)/(-28))/5. What is the greatest common factor of d and g?
24
Let i = -102 + 132. Suppose -i*y = -35*y + 920. What is the greatest common factor of y and 8?
8
Suppose -94*o - o = -12825. Calculate the highest common divisor of o and 432.
27
Suppose 7*z + 4361 = -0*z. Let k be (8/6)/(z/(-609) + -1). Suppose -10*l + 704 = -166. What is the greatest common factor of k and l?
29
Let a(v) = -v**2 - 57*v - 344. Let b be a(-47). What is the highest common factor of 9954 and b?
126
Suppose 5 = 5*h - 0. Suppose 10 = 3*t + 1. Let g(u) = u**2 + 7*u - 26. Let s be g(t). What is the highest common factor of s and h?
1
Suppose 5*b + 0*r + 100 = 5*r, b + 23 = -2*r. Let y be ((-16)/10)/(2 - b/(-10)). What is the greatest common factor of 208 and y?
16
Suppose c - v = 3*v + 15, 50 = 2*c - 4*v. Let s = -1484 - -1491. Suppose -s*q + 8*q - c = 0. Calculate the greatest common factor of q and 14.
7
Let s be 4/(8/2886) + -12 + -8 + 21. Calculate the greatest common factor of 380 and s.
76
Suppose 0 = 2*d - 4 - 6. Let p(x) = 7*x - 5. Let b be p(d). Let z = 12705 - 12693. What is the highest common factor of b and z?
6
Let c be (-7)/(7/3) + 17. Let u be 3/(-2)*((-2)/(-1) - c). Suppose u = -0*h + 3*h. Calculate the highest common divisor of 66 and h.
6
Let t = 617 + -365. Let h = t + -249. Calculate the highest common factor of h and 192.
3
Suppose 5*x - 10 = 70. Let t = -28 + -142. Let q = 172 + t. What is the highest common divisor of q and x?
2
Let q(g) = -233*g - 1601. Let z be q(-10). What is the greatest common divisor of z and 189?
27
Let k = 260 - 177. Let s = 125 - k. Let v be (-672)/160*(-92 + 2). What is the highest common divisor of v and s?
42
Suppose -174*u + 331 = -1583. What is the greatest common factor of u and 1397?
11
Let l(b) = 250*b**2 + 534*b - 1065. Let i be l(2). Calculate the greatest common factor of 68 and i.
17
Let k = 4174 + -4135. What is the highest common divisor of k and 39?
39
Suppose -11510*j - 19826 = -11511*j. Calculate the highest common divisor of 46 and j.
46
Let y(r) be the first derivative of 29 - 15/2*r**2 - 1/3*r**3 - 18*r. Let q be y(-12). What is the highest common factor of 162 and q?
18
Let q(g) = 11818*g - 5911*g + 31 - 5908*g. Let w = 5 + -18. Let r be q(w). Calculate the greatest common divisor of r and 396.
44
Let a be 66/(-55) + (8 - (-703122)/35). Calculate the greatest common factor of 128 and a.
128
Let b = 109 - 105. Suppose 5*n = k + b*k - 425, 9 = 3*n. What is the highest common divisor of 16 and k?
8
Let o be (5 - 7/7) + 1. Suppose -2*u - u + 59 = -2*x, -3 = u + o*x. What is the greatest common divisor of 204 and u?
17
Let o(k) = -98*k**3 - 3*k**2 + 5*k + 19. Let l be o(-2). Calculate the greatest common divisor of l and 231.
11
Let f = -4142 + 4560. Calculate the greatest common divisor of 242 and f.
22
Let u be (-790)/(-5) + (4 - 16)/(-6). Let a(f) = 11*f**2 + 8*f - 8. Let m be a(4). What is the highest common factor of u and m?
40
Let o(z) = 21*z + 119. Let t be o(20). Let v be (-98)/t + 466/22. Calculate the highest common factor of v and 336.
21
Let t(h) = -28*h - 82. Suppose -21*c + 0*c = 210. Let m be t(c). What is the highest common divisor of m and 36?
18
Suppose 4*z + 4*m = 244, 3*z - 201 = 87*m - 84*m. What is the greatest common divisor of 4 and z?
4
Let a(b) = 55*b - 67. Let u be a(9). Suppose 13*p - u - 3459 = 0. Calculate the greatest common divisor of 13 and p.
13
Let z(n) = n**3 + n**2 - 116*n + 92. Let w be z(10). Calculate the highest common factor of w and 30400.
32
Let l = -1469 - -1620. Calculate the highest common divisor of l and 7248.
151
Let u(w) = -w**3 + 28*w**2 + 25*w - 184. Let j be u(9). Calculate the greatest common divisor of 100 and j.
20
Let o(q) = q**2 - 19*q. Let c be o(-3). Suppose 5*p - 5*d = -3*d + 1809, d - 1455 = -4*p. What is the highest common divisor of p and c?
33
Let d = 22 + -20. Suppose 0 = -4*c + a + 19 + 31, -a = -d. Let g be (-3025)/(-77) + 4/(-14). What is the highest common factor of g and c?
13
Suppose 3*y - 58 = o + 68, 4*y + 5*o = 187. Suppose j = 4*t + y, j = 3*j - 5*t - 74. Calculate the highest common factor of j and 81.
27
Suppose -21*y + 1 + 78 = -110. Calculate the greatest common divisor of y and 24.
3
Let h = -19 - -26. Calculate the greatest common factor of 101 and h.
1
Let v be (-2)/(-18)*3*3 - (-6 - 9). What is the highest common divisor of v and 25648?
16
Let v = 4564 + -3964. Calculate the highest common divisor of 90 and v.
30
Suppose 341 + 746 = x + 2*f, 0 = 5*x + f - 5444. Calculate the greatest common divisor of 968 and x.
121
Let p be (-4)/(-22) + -4*(-9)/(-198) + 18. What is the greatest common factor of p and 153?
9
Let d be (8 - 16 - -5)/(4 + (-133784)/33440). Calculate the highest common divisor of 100 and d.
20
Suppose -81*h + 8385 = -16*h. What is the greatest common divisor of h and 559?
43
Let o be 12/(-45)*-7 - 2/(-15). Suppose 82 = 2*t - o*u - 2*u, -2*t + 86 = -2*u. Calculate the greatest common factor of t and 9.
9
Let l be -4*(10/(-4) - -2). Suppose -4*n = -l*y + 598, 4*y - 3*n + 1207 = 8*y. Calculate the greatest common divisor of 43 and y.
43
Let i(v) = 34*v**2 - 65*v - 23. Let x be i(16). Suppose 23*d - 7608 = x. What is the highest common factor of d and 51?
51
Suppose 43 = -0*n + 2*n + s, 3*n = 3*s + 60. Suppose -198*q - 109854 - 181934 = -2650*q. What is the highest common divisor of q and n?
7
Let y = 1 + 16. Let a be (4 + -3)*205 - (7 + -6). Suppose -4*m - 204 = -3*s, -2*s - 2*m = s - a. Calculate the highest common divisor of s and y.
17
Suppose -3*d + 5*g - 406 = 0, 4*d + 2*g + 178 = -398. Let x = 190 + d. Calculate the highest common factor of x and 16.
16
Suppose -10277*c + 10225*c = -889824. What is the highest common factor of c and 62?
62
Let p = 78506 - 51243. What is the greatest common divisor of 398 and p?
199
Let h = -334 + 338. Let a be 21/h*(318/18 + -7). What is the greatest common factor of a and 40?
8
Let i = -3026 - -3056. What is the greatest common divisor of 2352 and i?
6
Suppose -19*s - 24 = -23*s. Suppose 408 = 13*y - 9*y. What is the highest common factor of s and y?
6
Let w be 13/(156/8)*3. Suppose -123 - 17 = -2*h - 4*v, 2*h - 110 = w*v. What is the greatest common divisor of h and 12?
12
Let y = -123 - -193. Let t(s) = s**2 - 25*s + 28. Let j be t(28). Let a = 122 - j. Calculate the highest common divisor of a and y.
10
Let v = 15678 - 15636. Suppose 1 = x - 2. Suppose 15 + 3 = x*s. What is the highest common divisor of s and v?
6
Suppose -452*n + 456*n - 20 = -2*w, -5*w = 20. What is the greatest common factor of n and 6496?
7
Let u = -7 + 16. Let s(t) = 6*t - 18. Let o be s(u). Calculate the greatest common divisor of 324 and o.
36
Let u(m) = m**3 + 17*m**2 + 20*m + 66. Let r be u(-16). Let v be 13/104 - 63/(-8) - r. What is the greatest common divisor of v and 39?
3
Suppose 3*r + 376 = 5*a + 106, 5*a + 2*r = 295. What is the highest common divisor of a and 399?
57
Let s(j) = -32*j**2 - 5*j - 4. Let w be s(-1). Let p = w + 46. Calculate the highest common factor of p and 33.
3
Let b(x) be the first derivative of 2*x**3/3 + 35*x**2/2 - 120*x - 154. Let v be b(-23). What is the greatest common divisor of v and 38?
19
Let z(b) = 28*b**3 + b**2 - 1. Let q be z(1). Suppose 13*o = 8*o - 40. Let n be 6265/28 - 2/o. What is the highest common divisor of q and n?
28
Suppose 9*b + 43 - 331 = 0. Suppose -3*i + 1431 = -3*x, -b*i - 4*x + 2385 = -27*i. What is the highest common divisor of i and 18?
9
Let u be (-1 + 58/10)/((-182)/(-7735)). Let b = u + -198. What is the highest common factor of 12 and b?
6
Suppose -2*n + 64 = -4*v, 0 = 2*v - 5*n - 9 + 41. Let m = 17 + -41. Let f be m/v - 17/(-2). Calculate the highest common factor of f and 30.
10
Suppose 0 = -4*n + 7*j + 55, 4*j + 10 = -20*n + 18*n. Suppose -12 = -2*s - 2*s. Calculate the greatest common factor of s and n.
1
Let i(o) = o**2 - 3*o + 1. Let n be i(4). Suppose 1149*m - 65663 = 284782. Calculate the greatest common divisor of m and n.
5
Suppose 47 = 6*v - 25. Suppose t = v + 18. Calculate the highest common factor of t and 75.
15
Let k be 6/((-4)/(-1) - (-330)/(-82)). Let p = 252 + k. What is the greatest common divisor of 57 and p?
3
Suppose 0 = 2*y - y - 2. Let c(l) = -y*l + 4*l - 7 + 0*l + 16. Let r be c(-2). Calculate the hig